{"id":5,"date":"2017-10-18T06:44:10","date_gmt":"2017-10-18T06:44:10","guid":{"rendered":"http:\/\/knops.karnevalszeitschrift-alsdorf.de\/?page_id=5"},"modified":"2026-02-25T17:49:08","modified_gmt":"2026-02-25T17:49:08","slug":"ueber-100-jahre-kompetenz-in-alsdorf","status":"publish","type":"page","link":"https:\/\/www.knops-alsdorf.de\/","title":{"rendered":"Home"},"content":{"rendered":"<h4>Aktuelle Meldung:<\/h4>\n<p>Wir sind auch weiterhin zu den gewohnten \u00d6ffnungszeiten f\u00fcr Sie da. Dennoch w\u00fcrden wir uns \u00fcber Vorbestellungen sehr freuen, telefonisch unter 02404-21222 oder per E-Mail an<br \/>\ninfo@knops-alsdorf.de.<\/p>\n<p><strong><em>Wir freuen uns auf Ihren Besuch!<\/em><\/strong><\/p>\n<h4><strong>\u00dcber 100 Jahre Kompetenz in Alsdorf<\/strong><\/h4>\n<p>Seit \u00fcber 100 Jahren steht der Name Knops f\u00fcr individuelle Beratung und Kompetenz in den Bereichen Gartenbau und Meisterfloristik. Angefangen im Jahr 1910 als Kunstg\u00e4rtnerei, kamen im Laufe der Zeit immer mehr Gesch\u00e4ftsfelder hinzu. Heute sind wir Ihr zuverl\u00e4ssiger Ansprechpartner in Alsdorf f\u00fcr<\/p>\n<ul>\n<li>Gartenneuanlagen<\/li>\n<li>Dauergrabpflege<\/li>\n<li>Grabgestaltung und Pflege<\/li>\n<li>F\u00e4ll-und R\u00fcckschnittarbeiten<\/li>\n<li>G\u00e4rtnerische Pflegearbeiten<\/li>\n<li>Moderne Floristik<\/li>\n<li>Trauerfloristik<\/li>\n<li>Hochzeitsfloristik<\/li>\n<li>Dekoration aller Art<\/li>\n<li>Geschenkartikel und mehr\u2026<\/li>\n<\/ul>\n","protected":false},"excerpt":{"rendered":"<p>Aktuelle Meldung: Wir sind auch weiterhin zu den gewohnten \u00d6ffnungszeiten f\u00fcr Sie da. Dennoch w\u00fcrden wir uns \u00fcber Vorbestellungen sehr freuen, telefonisch unter 02404-21222 oder per E-Mail an info@knops-alsdorf.de. Wir <span class=\"readmore\"><a href=\"https:\/\/www.knops-alsdorf.de\/\">Weiterlesen &#8230;<\/a><\/span><\/p>\n","protected":false},"author":1,"featured_media":183,"parent":0,"menu_order":10,"comment_status":"closed","ping_status":"closed","template":"","meta":[],"_links":{"self":[{"href":"https:\/\/www.knops-alsdorf.de\/index.php?rest_route=\/wp\/v2\/pages\/5"}],"collection":[{"href":"https:\/\/www.knops-alsdorf.de\/index.php?rest_route=\/wp\/v2\/pages"}],"about":[{"href":"https:\/\/www.knops-alsdorf.de\/index.php?rest_route=\/wp\/v2\/types\/page"}],"author":[{"embeddable":true,"href":"https:\/\/www.knops-alsdorf.de\/index.php?rest_route=\/wp\/v2\/users\/1"}],"replies":[{"embeddable":true,"href":"https:\/\/www.knops-alsdorf.de\/index.php?rest_route=%2Fwp%2Fv2%2Fcomments&post=5"}],"version-history":[{"count":32,"href":"https:\/\/www.knops-alsdorf.de\/index.php?rest_route=\/wp\/v2\/pages\/5\/revisions"}],"predecessor-version":[{"id":482,"href":"https:\/\/www.knops-alsdorf.de\/index.php?rest_route=\/wp\/v2\/pages\/5\/revisions\/482"}],"wp:featuredmedia":[{"embeddable":true,"href":"https:\/\/www.knops-alsdorf.de\/index.php?rest_route=\/wp\/v2\/media\/183"}],"wp:attachment":[{"href":"https:\/\/www.knops-alsdorf.de\/index.php?rest_route=%2Fwp%2Fv2%2Fmedia&parent=5"}],"curies":[{"name":"wp","href":"https:\/\/api.w.org\/{rel}","templated":true}]}}