{"id":9,"date":"2017-10-18T06:46:18","date_gmt":"2017-10-18T06:46:18","guid":{"rendered":"http:\/\/knops.karnevalszeitschrift-alsdorf.de\/?page_id=9"},"modified":"2022-11-15T17:11:31","modified_gmt":"2022-11-15T17:11:31","slug":"hochzeitsfloristik","status":"publish","type":"page","link":"https:\/\/www.knops-alsdorf.de\/?page_id=9","title":{"rendered":"Hochzeitsfloristik"},"content":{"rendered":"<p><em><strong>Die eigene Hochzeit &#8211; der sch\u00f6nste Tag im Leben.<\/strong><\/em><\/p>\n<p>Wir helfen Ihnen dabei, Ihre Hochzeitsfeierlichkeiten zu einem unvergesslichen Erlebnis werden zu lassen.<\/p>\n<div id=\"metaslider-id-289\" style=\"max-width: 200px;\" class=\"ml-slider-3-29-1 metaslider metaslider-flex metaslider-289 ml-slider\">\n    <div id=\"metaslider_container_289\">\n        <div id=\"metaslider_289\">\n            <ul aria-live=\"polite\" class=\"slides\">\n                <li style=\"display: block; width: 100%;\" class=\"slide-290 ms-image\"><img src=\"https:\/\/www.knops-alsdorf.de\/wp-content\/uploads\/2017\/10\/Bild040-200x200.jpg\" height=\"200\" width=\"200\" alt=\"\" class=\"slider-289 slide-290\" \/><\/li>\n                <li style=\"display: none; width: 100%;\" class=\"slide-291 ms-image\"><img src=\"https:\/\/www.knops-alsdorf.de\/wp-content\/uploads\/2017\/10\/Bild107-200x200.jpg\" height=\"200\" width=\"200\" alt=\"\" class=\"slider-289 slide-291\" \/><\/li>\n                <li style=\"display: none; width: 100%;\" class=\"slide-292 ms-image\"><img src=\"https:\/\/www.knops-alsdorf.de\/wp-content\/uploads\/2017\/10\/CIMG0700-200x200.jpg\" height=\"200\" width=\"200\" alt=\"\" class=\"slider-289 slide-292\" \/><\/li>\n                <li style=\"display: none; width: 100%;\" class=\"slide-293 ms-image\"><img src=\"https:\/\/www.knops-alsdorf.de\/wp-content\/uploads\/2017\/10\/DSCN1394-200x200.jpg\" height=\"200\" width=\"200\" alt=\"\" class=\"slider-289 slide-293\" \/><\/li>\n                <li style=\"display: none; width: 100%;\" class=\"slide-294 ms-image\"><img src=\"https:\/\/www.knops-alsdorf.de\/wp-content\/uploads\/2017\/10\/Pic00005-200x200.jpg\" height=\"200\" width=\"200\" alt=\"\" class=\"slider-289 slide-294\" \/><\/li>\n                <li style=\"display: none; width: 100%;\" class=\"slide-295 ms-image\"><img src=\"https:\/\/www.knops-alsdorf.de\/wp-content\/uploads\/2017\/10\/Pic00015-200x200.jpg\" height=\"200\" width=\"200\" alt=\"\" class=\"slider-289 slide-295\" \/><\/li>\n                <li style=\"display: none; width: 100%;\" class=\"slide-296 ms-image\"><img src=\"https:\/\/www.knops-alsdorf.de\/wp-content\/uploads\/2017\/10\/Pic00018-200x200.jpg\" height=\"200\" width=\"200\" alt=\"\" class=\"slider-289 slide-296\" \/><\/li>\n                <li style=\"display: none; width: 100%;\" class=\"slide-297 ms-image\"><img src=\"https:\/\/www.knops-alsdorf.de\/wp-content\/uploads\/2017\/10\/Pic00088-200x200.jpg\" height=\"200\" width=\"200\" alt=\"\" class=\"slider-289 slide-297\" \/><\/li>\n            <\/ul>\n        <\/div>\n        \n    <\/div>\n<\/div>\n<p>Blumen geben Ihrem Fest einen lebendigen und gef\u00fchlvollen Rahmen.<\/p>\n<p>Mit viel Engangement gehen wir in ausf\u00fchrlichen Beratungsgespr\u00e4chen auf Ihre W\u00fcnsche ein und stehen Ihnen mit Rat und Tat gerne zur Seite. Wir bieten Ihnen ein florales Gesamtkonzept, typgerecht und individuell gestaltet.<\/p>\n<p>Ob klassisch oder modern, stylisch oder romantisch &#8211; Ihre Pers\u00f6nlichkeit wird sich in unserem floralen Arragement widerspiegeln.<\/p>\n<p>Zu unseren Leistungen geh\u00f6ren z. B.:<\/p>\n<ul>\n<li>Brautstr\u00e4u\u00dfe<\/li>\n<li>Herrenanstecker<\/li>\n<li>Dekorationen<\/li>\n<li>Raumschmuck<\/li>\n<li>Tischdekoration<\/li>\n<li>Buffetdekoration<\/li>\n<li>Autoschmuck<\/li>\n<li>Kirchenschmuck<\/li>\n<\/ul>\n<p>Wir beraten Sie gerne bei der floralen Umsetzung Ihrer Traumhochzeit.<\/p>\n","protected":false},"excerpt":{"rendered":"<p>Die eigene Hochzeit &#8211; der sch\u00f6nste Tag im Leben. Wir helfen Ihnen dabei, Ihre Hochzeitsfeierlichkeiten zu einem unvergesslichen Erlebnis werden zu lassen. Blumen geben Ihrem Fest einen lebendigen und gef\u00fchlvollen <span class=\"readmore\"><a href=\"https:\/\/www.knops-alsdorf.de\/?page_id=9\">Weiterlesen &#8230;<\/a><\/span><\/p>\n","protected":false},"author":1,"featured_media":100,"parent":7,"menu_order":0,"comment_status":"closed","ping_status":"closed","template":"","meta":[],"_links":{"self":[{"href":"https:\/\/www.knops-alsdorf.de\/index.php?rest_route=\/wp\/v2\/pages\/9"}],"collection":[{"href":"https:\/\/www.knops-alsdorf.de\/index.php?rest_route=\/wp\/v2\/pages"}],"about":[{"href":"https:\/\/www.knops-alsdorf.de\/index.php?rest_route=\/wp\/v2\/types\/page"}],"author":[{"embeddable":true,"href":"https:\/\/www.knops-alsdorf.de\/index.php?rest_route=\/wp\/v2\/users\/1"}],"replies":[{"embeddable":true,"href":"https:\/\/www.knops-alsdorf.de\/index.php?rest_route=%2Fwp%2Fv2%2Fcomments&post=9"}],"version-history":[{"count":3,"href":"https:\/\/www.knops-alsdorf.de\/index.php?rest_route=\/wp\/v2\/pages\/9\/revisions"}],"predecessor-version":[{"id":302,"href":"https:\/\/www.knops-alsdorf.de\/index.php?rest_route=\/wp\/v2\/pages\/9\/revisions\/302"}],"up":[{"embeddable":true,"href":"https:\/\/www.knops-alsdorf.de\/index.php?rest_route=\/wp\/v2\/pages\/7"}],"wp:featuredmedia":[{"embeddable":true,"href":"https:\/\/www.knops-alsdorf.de\/index.php?rest_route=\/wp\/v2\/media\/100"}],"wp:attachment":[{"href":"https:\/\/www.knops-alsdorf.de\/index.php?rest_route=%2Fwp%2Fv2%2Fmedia&parent=9"}],"curies":[{"name":"wp","href":"https:\/\/api.w.org\/{rel}","templated":true}]}}